{"id":7339,"date":"2018-09-22T11:54:11","date_gmt":"2018-09-22T14:54:11","guid":{"rendered":"http:\/\/facic-ce.com.br\/site\/?page_id=7339"},"modified":"2025-09-17T09:25:08","modified_gmt":"2025-09-17T12:25:08","slug":"inicio-2","status":"publish","type":"page","link":"http:\/\/facic-ce.com.br\/site\/","title":{"rendered":"In\u00edcio"},"content":{"rendered":"[vc_row type=&#8221;full_width_background&#8221; full_screen_row_position=&#8221;middle&#8221; bg_color=&#8221;#e5e5e5&#8243; scene_position=&#8221;center&#8221; text_color=&#8221;dark&#8221; text_align=&#8221;left&#8221; top_padding=&#8221;2%&#8221; bottom_padding=&#8221;2%&#8221; translate_y=&#8221;30px&#8221; overlay_strength=&#8221;0.3&#8243; enable_shape_divider=&#8221;true&#8221; shape_divider_position=&#8221;bottom&#8221; shape_divider_height=&#8221;300&#8243; shape_type=&#8221;mountains&#8221;][vc_column column_padding=&#8221;no-extra-padding&#8221; column_padding_position=&#8221;all&#8221; background_color_opacity=&#8221;1&#8243; background_hover_color_opacity=&#8221;1&#8243; column_link_target=&#8221;_self&#8221; column_shadow=&#8221;none&#8221; column_border_radius=&#8221;none&#8221; width=&#8221;1\/1&#8243; tablet_width_inherit=&#8221;default&#8221; tablet_text_alignment=&#8221;default&#8221; phone_text_alignment=&#8221;default&#8221; column_border_width=&#8221;none&#8221; column_border_style=&#8221;solid&#8221;]\t\t\t<div class=\"row blog-recent columns-3\" data-style=\"classic_enhanced\" data-color-scheme=\"light\">\r\n\t\t\t\t\r\n\t\t\t\t\r\n\t\t\t\t<div class=\"col span_4 post-9416 post type-post status-publish format-standard has-post-thumbnail category-artigos category-capa\" >\r\n\t\t\t\t\t\r\n\t\t\t\t\t\r\n\t\t\t\t\t\t\t<div class=\"inner-wrap post-9416 post type-post status-publish format-standard has-post-thumbnail category-artigos category-capa\">\r\n\r\n\t\t\t\t\t\t\t<a href=\"http:\/\/facic-ce.com.br\/site\/palavra-do-presidente-novembro-2025\/\"  class=\"img-link\"><span class=\"post-featured-img\"><img width=\"600\" height=\"403\" src=\"http:\/\/facic-ce.com.br\/site\/wp-content\/uploads\/2025\/11\/palavra-do-presidnete-novembro-2025-e1762348732209-600x403.png\" class=\"attachment-portfolio-thumb size-portfolio-thumb wp-post-image\" alt=\"\" loading=\"lazy\" title=\"\" sizes=\"(min-width: 1300px) 33vw, (min-width: 1000px) 33vw, (min-width: 690px) 100vw, 100vw\" srcset=\"http:\/\/facic-ce.com.br\/site\/wp-content\/uploads\/2025\/11\/palavra-do-presidnete-novembro-2025-e1762348732209-600x403.png 600w, http:\/\/facic-ce.com.br\/site\/wp-content\/uploads\/2025\/11\/palavra-do-presidnete-novembro-2025-e1762348732209-400x269.png 400w\" \/><\/span><\/a>\r\n\t\t\t\t\t\t\t<span class=\"meta-category\"><a class=\"artigos\" href=\"http:\/\/facic-ce.com.br\/site\/category\/artigos\/\">Artigos<\/a><a class=\"capa\" href=\"http:\/\/facic-ce.com.br\/site\/category\/capa\/\">Capa<\/a><\/span>\t\t\t\t\t\t\t\t\r\n\t\t\t\t\t\t\t<a class=\"entire-meta-link\"  href=\"http:\/\/facic-ce.com.br\/site\/palavra-do-presidente-novembro-2025\/\"><\/a>\r\n\r\n\t\t\t\t\t\t\t<div class=\"article-content-wrap\">\r\n\t\t\t\t\t\t\t\t<div class=\"post-header\">\r\n\t\t\t\t\t\t\t\t\t<span class=\"meta\"> 30 de outubro de 2025 <\/span> \r\n\t\t\t\t\t\t\t\t\t<h3 class=\"title\">Palavra do Presidente &#8211; NOVEMBRO 2025<\/h3>\t\r\n\t\t\t\t\t\t\t\t<\/div><!--\/post-header-->\r\n\t\t\t\t\t\t\t\t<div class=\"excerpt\">\r\n\t\t\t\t\t\t\t\t\tPALAVRA do PRESIDENTE \u2013 NOVEMBRO O m\u00eas de novembro nos convida a celebrar o avan\u00e7o cont\u00ednuo da FACIC, sempre em sintonia com as tend\u00eancias globais e o fortalecimento estrat\u00e9gico de&hellip;\t\t\t\t\t\t\t\t<\/div>\r\n\t\t\t\t\t\t\t<\/div>\r\n\t\t\t\t\t\t\t\r\n\t\t\t\t\t\t\t<div class=\"post-meta\">\r\n\t\t\t\t\t\t\t\t<span class=\"meta-author\"> <a href=\"http:\/\/facic-ce.com.br\/site\/author\/karine\/\"> <i class=\"icon-default-style icon-salient-m-user\"><\/i> FACIC<\/a> <\/span> \r\n\t\t\t\t\t\t\t\t\r\n\t\t\t\t\t\t\t\t\t\t\t\t\t\t\t\t\t<span class=\"meta-comment-count\">  <a href=\"http:\/\/facic-ce.com.br\/site\/palavra-do-presidente-novembro-2025\/#respond\">\r\n\t\t\t\t\t\t\t\t\t\t<i class=\"icon-default-style steadysets-icon-chat-3\"><\/i> 0<\/a>\r\n\t\t\t\t\t\t\t\t\t<\/span>\r\n\t\t\t\t\t\t\t\t\t\t\t\t\t\t\t\t\r\n\t\t\t\t\t\t\t\t<div class=\"nectar-love-wrap\">\r\n\t\t\t\t\t\t\t\t\t<a href=\"#\" class=\"nectar-love\" id=\"nectar-love-9416\" title=\"Love this\"> <i class=\"icon-salient-heart-2\"><\/i><span class=\"nectar-love-count\">0<\/span><\/a>\t\t\t\t\t\t\t\t<\/div><!--\/nectar-love-wrap-->\t\r\n\t\t\t\t\t\t\t<\/div>\r\n\r\n\t\t\t\t\t\t<\/div>\r\n\r\n\t\t\t\t\t\t\t\t\t\t\t\r\n\t\t\t\t<\/div><!--\/col-->\r\n\t\t\t\t\r\n\t\t\t\t\r\n\t\t\t\t<div class=\"col span_4 post-9397 post type-post status-publish format-standard has-post-thumbnail category-artigos category-capa\" >\r\n\t\t\t\t\t\r\n\t\t\t\t\t\r\n\t\t\t\t\t\t\t<div class=\"inner-wrap post-9397 post type-post status-publish format-standard has-post-thumbnail category-artigos category-capa\">\r\n\r\n\t\t\t\t\t\t\t<a href=\"http:\/\/facic-ce.com.br\/site\/2o-dia-de-imersao-programa-hong-kong-leading-beyond\/\"  class=\"img-link\"><span class=\"post-featured-img\"><img width=\"600\" height=\"403\" src=\"http:\/\/facic-ce.com.br\/site\/wp-content\/uploads\/2025\/10\/9-1-600x403.png\" class=\"attachment-portfolio-thumb size-portfolio-thumb wp-post-image\" alt=\"\" loading=\"lazy\" title=\"\" sizes=\"(min-width: 1300px) 33vw, (min-width: 1000px) 33vw, (min-width: 690px) 100vw, 100vw\" srcset=\"http:\/\/facic-ce.com.br\/site\/wp-content\/uploads\/2025\/10\/9-1-600x403.png 600w, http:\/\/facic-ce.com.br\/site\/wp-content\/uploads\/2025\/10\/9-1-400x269.png 400w\" \/><\/span><\/a>\r\n\t\t\t\t\t\t\t<span class=\"meta-category\"><a class=\"artigos\" href=\"http:\/\/facic-ce.com.br\/site\/category\/artigos\/\">Artigos<\/a><a class=\"capa\" href=\"http:\/\/facic-ce.com.br\/site\/category\/capa\/\">Capa<\/a><\/span>\t\t\t\t\t\t\t\t\r\n\t\t\t\t\t\t\t<a class=\"entire-meta-link\"  href=\"http:\/\/facic-ce.com.br\/site\/2o-dia-de-imersao-programa-hong-kong-leading-beyond\/\"><\/a>\r\n\r\n\t\t\t\t\t\t\t<div class=\"article-content-wrap\">\r\n\t\t\t\t\t\t\t\t<div class=\"post-header\">\r\n\t\t\t\t\t\t\t\t\t<span class=\"meta\"> 22 de outubro de 2025 <\/span> \r\n\t\t\t\t\t\t\t\t\t<h3 class=\"title\">2\u00ba dia de Imers\u00e3o &#8211;  Programa Hong Kong Leading Beyond<\/h3>\t\r\n\t\t\t\t\t\t\t\t<\/div><!--\/post-header-->\r\n\t\t\t\t\t\t\t\t<div class=\"excerpt\">\r\n\t\t\t\t\t\t\t\t\t\u2728 Inova\u00e7\u00e3o e Transforma\u00e7\u00e3o Digital em Foco! \u2728 A agenda de hoje foi totalmente dedicada a explorar o futuro dos neg\u00f3cios e a transforma\u00e7\u00e3o digital. O encontro abordou temas de&hellip;\t\t\t\t\t\t\t\t<\/div>\r\n\t\t\t\t\t\t\t<\/div>\r\n\t\t\t\t\t\t\t\r\n\t\t\t\t\t\t\t<div class=\"post-meta\">\r\n\t\t\t\t\t\t\t\t<span class=\"meta-author\"> <a href=\"http:\/\/facic-ce.com.br\/site\/author\/karine\/\"> <i class=\"icon-default-style icon-salient-m-user\"><\/i> FACIC<\/a> <\/span> \r\n\t\t\t\t\t\t\t\t\r\n\t\t\t\t\t\t\t\t\t\t\t\t\t\t\t\t\t<span class=\"meta-comment-count\">  <a href=\"http:\/\/facic-ce.com.br\/site\/2o-dia-de-imersao-programa-hong-kong-leading-beyond\/#respond\">\r\n\t\t\t\t\t\t\t\t\t\t<i class=\"icon-default-style steadysets-icon-chat-3\"><\/i> 0<\/a>\r\n\t\t\t\t\t\t\t\t\t<\/span>\r\n\t\t\t\t\t\t\t\t\t\t\t\t\t\t\t\t\r\n\t\t\t\t\t\t\t\t<div class=\"nectar-love-wrap\">\r\n\t\t\t\t\t\t\t\t\t<a href=\"#\" class=\"nectar-love\" id=\"nectar-love-9397\" title=\"Love this\"> <i class=\"icon-salient-heart-2\"><\/i><span class=\"nectar-love-count\">0<\/span><\/a>\t\t\t\t\t\t\t\t<\/div><!--\/nectar-love-wrap-->\t\r\n\t\t\t\t\t\t\t<\/div>\r\n\r\n\t\t\t\t\t\t<\/div>\r\n\r\n\t\t\t\t\t\t\t\t\t\t\t\r\n\t\t\t\t<\/div><!--\/col-->\r\n\t\t\t\t\r\n\t\t\t\t\r\n\t\t\t\t<div class=\"col span_4 post-9386 post type-post status-publish format-standard has-post-thumbnail category-artigos category-capa\" >\r\n\t\t\t\t\t\r\n\t\t\t\t\t\r\n\t\t\t\t\t\t\t<div class=\"inner-wrap post-9386 post type-post status-publish format-standard has-post-thumbnail category-artigos category-capa\">\r\n\r\n\t\t\t\t\t\t\t<a href=\"http:\/\/facic-ce.com.br\/site\/1o-dia-de-imersao-programa-hong-kong-leading-beyond\/\"  class=\"img-link\"><span class=\"post-featured-img\"><img width=\"600\" height=\"403\" src=\"http:\/\/facic-ce.com.br\/site\/wp-content\/uploads\/2025\/10\/2-1-600x403.png\" class=\"attachment-portfolio-thumb size-portfolio-thumb wp-post-image\" alt=\"\" loading=\"lazy\" title=\"\" sizes=\"(min-width: 1300px) 33vw, (min-width: 1000px) 33vw, (min-width: 690px) 100vw, 100vw\" srcset=\"http:\/\/facic-ce.com.br\/site\/wp-content\/uploads\/2025\/10\/2-1-600x403.png 600w, http:\/\/facic-ce.com.br\/site\/wp-content\/uploads\/2025\/10\/2-1-400x269.png 400w\" \/><\/span><\/a>\r\n\t\t\t\t\t\t\t<span class=\"meta-category\"><a class=\"artigos\" href=\"http:\/\/facic-ce.com.br\/site\/category\/artigos\/\">Artigos<\/a><a class=\"capa\" href=\"http:\/\/facic-ce.com.br\/site\/category\/capa\/\">Capa<\/a><\/span>\t\t\t\t\t\t\t\t\r\n\t\t\t\t\t\t\t<a class=\"entire-meta-link\"  href=\"http:\/\/facic-ce.com.br\/site\/1o-dia-de-imersao-programa-hong-kong-leading-beyond\/\"><\/a>\r\n\r\n\t\t\t\t\t\t\t<div class=\"article-content-wrap\">\r\n\t\t\t\t\t\t\t\t<div class=\"post-header\">\r\n\t\t\t\t\t\t\t\t\t<span class=\"meta\"> 21 de outubro de 2025 <\/span> \r\n\t\t\t\t\t\t\t\t\t<h3 class=\"title\">1\u00ba dia de Imers\u00e3o &#8211;  programa Hong Kong Leading Beyond<\/h3>\t\r\n\t\t\t\t\t\t\t\t<\/div><!--\/post-header-->\r\n\t\t\t\t\t\t\t\t<div class=\"excerpt\">\r\n\t\t\t\t\t\t\t\t\tO Programa de Educa\u00e7\u00e3o Executiva Internacional - Hong Kong Leading Beyond, promovido pela Federa\u00e7\u00e3o das Ind\u00fastrias do Estado do Cear\u00e1 (FIEC), atrav\u00e9s do IEL Cear\u00e1 e presidido por Ricardo Cavalcante,&hellip;\t\t\t\t\t\t\t\t<\/div>\r\n\t\t\t\t\t\t\t<\/div>\r\n\t\t\t\t\t\t\t\r\n\t\t\t\t\t\t\t<div class=\"post-meta\">\r\n\t\t\t\t\t\t\t\t<span class=\"meta-author\"> <a href=\"http:\/\/facic-ce.com.br\/site\/author\/karine\/\"> <i class=\"icon-default-style icon-salient-m-user\"><\/i> FACIC<\/a> <\/span> \r\n\t\t\t\t\t\t\t\t\r\n\t\t\t\t\t\t\t\t\t\t\t\t\t\t\t\t\t<span class=\"meta-comment-count\">  <a href=\"http:\/\/facic-ce.com.br\/site\/1o-dia-de-imersao-programa-hong-kong-leading-beyond\/#respond\">\r\n\t\t\t\t\t\t\t\t\t\t<i class=\"icon-default-style steadysets-icon-chat-3\"><\/i> 0<\/a>\r\n\t\t\t\t\t\t\t\t\t<\/span>\r\n\t\t\t\t\t\t\t\t\t\t\t\t\t\t\t\t\r\n\t\t\t\t\t\t\t\t<div class=\"nectar-love-wrap\">\r\n\t\t\t\t\t\t\t\t\t<a href=\"#\" class=\"nectar-love\" id=\"nectar-love-9386\" title=\"Love this\"> <i class=\"icon-salient-heart-2\"><\/i><span class=\"nectar-love-count\">0<\/span><\/a>\t\t\t\t\t\t\t\t<\/div><!--\/nectar-love-wrap-->\t\r\n\t\t\t\t\t\t\t<\/div>\r\n\r\n\t\t\t\t\t\t<\/div>\r\n\r\n\t\t\t\t\t\t\t\t\t\t\t\r\n\t\t\t\t<\/div><!--\/col-->\r\n\t\t\t\t\r\n\t\t\t\t\t\t\r\n\t\t\t<\/div><!--\/blog-recent-->\r\n\t\t\r\n\t\t[vc_row_inner column_margin=&#8221;default&#8221; text_align=&#8221;left&#8221;][vc_column_inner column_padding=&#8221;no-extra-padding&#8221; column_padding_position=&#8221;all&#8221; centered_text=&#8221;true&#8221; background_color_opacity=&#8221;1&#8243; background_hover_color_opacity=&#8221;1&#8243; column_shadow=&#8221;none&#8221; column_border_radius=&#8221;none&#8221; column_link_target=&#8221;_self&#8221; width=&#8221;1\/1&#8243; tablet_width_inherit=&#8221;default&#8221; column_border_width=&#8221;none&#8221; column_border_style=&#8221;solid&#8221;][nectar_btn size=&#8221;large&#8221; button_style=&#8221;regular&#8221; button_color_2=&#8221;Accent-Color&#8221; icon_family=&#8221;iconsmind&#8221; url=&#8221;#&#8221; text=&#8221;Ver todas as not\u00edcias&#8221; icon_iconsmind=&#8221;iconsmind-Triangle-ArrowRight&#8221;][\/vc_column_inner][\/vc_row_inner][\/vc_column][\/vc_row][vc_row type=&#8221;in_container&#8221; full_screen_row_position=&#8221;middle&#8221; scene_position=&#8221;center&#8221; text_color=&#8221;dark&#8221; text_align=&#8221;left&#8221; top_padding=&#8221;5%&#8221; overlay_strength=&#8221;0.3&#8243; shape_divider_position=&#8221;bottom&#8221; shape_type=&#8221;&#8221;][vc_column column_padding=&#8221;no-extra-padding&#8221; column_padding_position=&#8221;all&#8221; background_color_opacity=&#8221;1&#8243; background_hover_color_opacity=&#8221;1&#8243; column_link_target=&#8221;_self&#8221; column_shadow=&#8221;none&#8221; column_border_radius=&#8221;none&#8221; width=&#8221;1\/3&#8243; tablet_width_inherit=&#8221;default&#8221; tablet_text_alignment=&#8221;default&#8221; phone_text_alignment=&#8221;default&#8221; column_border_width=&#8221;none&#8221; column_border_style=&#8221;solid&#8221;][vc_custom_heading text=&#8221;Reuni\u00f5es&#8221; font_container=&#8221;tag:h3|text_align:left|color:%23212121&#8243; google_fonts=&#8221;font_family:Montserrat%3Aregular%2C700|font_style:700%20bold%20regular%3A700%3Anormal&#8221;]\t\t\t<div class=\"row blog-recent columns-1\" data-style=\"default\" data-color-scheme=\"light\">\r\n\t\t\t\t\r\n\t\t\t\t\t\t\r\n\t\t\t<\/div><!--\/blog-recent-->\r\n\t\t\r\n\t\t[\/vc_column][vc_column column_padding=&#8221;no-extra-padding&#8221; column_padding_position=&#8221;all&#8221; background_color_opacity=&#8221;1&#8243; background_hover_color_opacity=&#8221;1&#8243; column_link_target=&#8221;_self&#8221; column_shadow=&#8221;none&#8221; column_border_radius=&#8221;none&#8221; width=&#8221;1\/3&#8243; tablet_width_inherit=&#8221;default&#8221; tablet_text_alignment=&#8221;default&#8221; phone_text_alignment=&#8221;default&#8221; column_border_width=&#8221;none&#8221; column_border_style=&#8221;solid&#8221;][vc_custom_heading text=&#8221;Convites&#8221; font_container=&#8221;tag:h3|text_align:left|color:%23212121&#8243; google_fonts=&#8221;font_family:Montserrat%3Aregular%2C700|font_style:700%20bold%20regular%3A700%3Anormal&#8221;]\t\t\t<div class=\"row blog-recent columns-1\" data-style=\"default\" data-color-scheme=\"light\">\r\n\t\t\t\t\r\n\t\t\t\t\t\t\r\n\t\t\t<\/div><!--\/blog-recent-->\r\n\t\t\r\n\t\t[\/vc_column][vc_column column_padding=&#8221;no-extra-padding&#8221; column_padding_position=&#8221;all&#8221; background_color_opacity=&#8221;1&#8243; background_hover_color_opacity=&#8221;1&#8243; column_link_target=&#8221;_self&#8221; column_shadow=&#8221;none&#8221; column_border_radius=&#8221;none&#8221; width=&#8221;1\/3&#8243; tablet_width_inherit=&#8221;default&#8221; tablet_text_alignment=&#8221;default&#8221; phone_text_alignment=&#8221;default&#8221; column_border_width=&#8221;none&#8221; column_border_style=&#8221;solid&#8221;][vc_custom_heading text=&#8221;Notas&#8221; font_container=&#8221;tag:h3|text_align:left|color:%23212121&#8243; google_fonts=&#8221;font_family:Montserrat%3Aregular%2C700|font_style:700%20bold%20regular%3A700%3Anormal&#8221;]\t\t\t<div class=\"row blog-recent columns-1\" data-style=\"default\" data-color-scheme=\"light\">\r\n\t\t\t\t\r\n\t\t\t\t\t\t\r\n\t\t\t<\/div><!--\/blog-recent-->\r\n\t\t\r\n\t\t[\/vc_column][\/vc_row][vc_row type=&#8221;full_width_content&#8221; full_screen_row_position=&#8221;middle&#8221; vertically_center_columns=&#8221;true&#8221; bg_color=&#8221;#ffffff&#8221; scene_position=&#8221;center&#8221; text_color=&#8221;dark&#8221; text_align=&#8221;left&#8221; bottom_padding=&#8221;7%&#8221; overlay_strength=&#8221;0.3&#8243; shape_divider_color=&#8221;#212121&#8243; shape_divider_position=&#8221;bottom&#8221; shape_divider_height=&#8221;250&#8243; shape_type=&#8221;mountains&#8221;][vc_column column_padding=&#8221;no-extra-padding&#8221; column_padding_position=&#8221;all&#8221; background_color_opacity=&#8221;1&#8243; background_hover_color_opacity=&#8221;1&#8243; column_link_target=&#8221;_self&#8221; column_shadow=&#8221;none&#8221; column_border_radius=&#8221;none&#8221; width=&#8221;1\/12&#8243; tablet_width_inherit=&#8221;default&#8221; tablet_text_alignment=&#8221;default&#8221; phone_text_alignment=&#8221;default&#8221; column_border_width=&#8221;none&#8221; column_border_style=&#8221;solid&#8221;][\/vc_column][vc_column column_padding=&#8221;no-extra-padding&#8221; column_padding_position=&#8221;all&#8221; background_color_opacity=&#8221;1&#8243; background_hover_color_opacity=&#8221;1&#8243; column_link_target=&#8221;_self&#8221; column_shadow=&#8221;none&#8221; column_border_radius=&#8221;none&#8221; width=&#8221;10\/12&#8243; tablet_width_inherit=&#8221;default&#8221; tablet_text_alignment=&#8221;default&#8221; phone_text_alignment=&#8221;default&#8221; column_border_width=&#8221;none&#8221; column_border_style=&#8221;solid&#8221;][vc_custom_heading text=&#8221;PARCEIROS&#8221; font_container=&#8221;tag:h3|text_align:center|color:%23212121&#8243; google_fonts=&#8221;font_family:Montserrat%3Aregular%2C700|font_style:700%20bold%20regular%3A700%3Anormal&#8221;][clients columns=&#8221;6&#8243; hover_effect=&#8221;greyscale_to_color&#8221; additional_padding=&#8221;2&#8243; fade_in_animation=&#8221;true&#8221;][client image=&#8221;4695&#8243; title=&#8221;Client&#8221; id=&#8221;1502894621516-220e2-2672&#8243; url=&#8221;http:\/\/ascefort.com.br&#8221; name=&#8221;elevate&#8221; tab_id=&#8221;1537637369548-4&#8243;] \u00a0[\/client][client image=&#8221;7353&#8243; title=&#8221;Client&#8221; id=&#8221;1502894621516-320e2-2672&#8243; url=&#8221;#&#8221; name=&#8221;Acesu&#8221; tab_id=&#8221;1537637369576-2&#8243;] [\/client][client image=&#8221;6169&#8243; title=&#8221;Client&#8221; id=&#8221;1502894621516-420e2-2672&#8243; url=&#8221;#&#8221; name=&#8221;ABAD&#8221; tab_id=&#8221;1537637369603-5&#8243;] [\/client][client image=&#8221;7355&#8243; title=&#8221;Client&#8221; id=&#8221;1502894621516-520e2-2672&#8243; url=&#8221;#&#8221; name=&#8221;Sebrae&#8221; tab_id=&#8221;1537637369640-5&#8243;] [\/client][client image=&#8221;7357&#8243; title=&#8221;Client&#8221; id=&#8221;1537638307291-0-4&#8243; url=&#8221;#&#8221; name=&#8221;Setcarce&#8221; tab_id=&#8221;1537637369640-5&#8243;] [\/client][client image=&#8221;7358&#8243; title=&#8221;Client&#8221; id=&#8221;1537638333799-0-6&#8243; url=&#8221;http:\/\/sindilojasfor.org.br&#8221; name=&#8221;Sindilojas&#8221; tab_id=&#8221;1537637369640-5&#8243;] [\/client][\/clients][\/vc_column][vc_column column_padding=&#8221;no-extra-padding&#8221; column_padding_position=&#8221;all&#8221; background_color_opacity=&#8221;1&#8243; background_hover_color_opacity=&#8221;1&#8243; column_link_target=&#8221;_self&#8221; column_shadow=&#8221;none&#8221; column_border_radius=&#8221;none&#8221; width=&#8221;1\/12&#8243; tablet_width_inherit=&#8221;default&#8221; tablet_text_alignment=&#8221;default&#8221; phone_text_alignment=&#8221;default&#8221; column_border_width=&#8221;none&#8221; column_border_style=&#8221;solid&#8221;][\/vc_column][\/vc_row][vc_row type=&#8221;full_width_background&#8221; full_screen_row_position=&#8221;middle&#8221; bg_color=&#8221;#212121&#8243; scene_position=&#8221;center&#8221; text_color=&#8221;dark&#8221; text_align=&#8221;left&#8221; overlay_strength=&#8221;0.3&#8243; shape_divider_position=&#8221;bottom&#8221; shape_type=&#8221;&#8221;][vc_column column_padding=&#8221;no-extra-padding&#8221; column_padding_position=&#8221;all&#8221; background_color_opacity=&#8221;1&#8243; background_hover_color_opacity=&#8221;1&#8243; column_link_target=&#8221;_self&#8221; column_shadow=&#8221;none&#8221; column_border_radius=&#8221;none&#8221; top_margin=&#8221;-5%&#8221; width=&#8221;1\/1&#8243; tablet_width_inherit=&#8221;default&#8221; tablet_text_alignment=&#8221;default&#8221; phone_text_alignment=&#8221;default&#8221; column_border_width=&#8221;none&#8221; column_border_style=&#8221;solid&#8221;]\t\r\n\t<div class=\"row\">\r\n\t\r\n\t <div class=\"post-area col  span_12 col_last masonry auto_meta_overlaid_spaced  \" data-ams=\"4px\"> <div class=\"posts-container\" data-load-animation=\"none\">\t\t\t\t\r\n\t\t\t\t\r\n<article id=\"post-8730\" class=\"regular masonry-blog-item post-8730 post type-post status-publish format-gallery has-post-thumbnail category-capa category-galeria-de-fotos post_format-post-format-gallery\">\r\n\t\r\n\t<div class=\"inner-wrap animated\">\r\n\r\n\t\t<div class=\"post-content\">\r\n\t\t\t\r\n\t\t\t\t\t\t\t\r\n\t\t\t\t\t\t\t\t\r\n\t\t\t\t\t\t\r\n\t\t\t\r\n\t\t\t<div class=\"content-inner \">\r\n\t\t\t\t\r\n\t\t\t\t<a href=\"http:\/\/facic-ce.com.br\/site\/8730-2\/\"><\/a><span class=\"post-featured-img\" style=\"background-image: url(http:\/\/facic-ce.com.br\/site\/wp-content\/uploads\/2025\/05\/presidencia-Joao-Hudson-1.jpeg);\"><\/span> \t\r\n\t\t\t\t\t\r\n\t\t\t\t\r\n\t\t\t\t\t\r\n\t\t\t\t\t<div class=\"article-content-wrap\">\r\n\t\t\t\t\t\t\r\n\t\t\t\t\t\t<span class=\"meta-category\"><a class=\"capa\" href=\"http:\/\/facic-ce.com.br\/site\/category\/capa\/\">Capa<\/a><a class=\"galeria-de-fotos\" href=\"http:\/\/facic-ce.com.br\/site\/category\/galeria-de-fotos\/\">Galeria de Fotos<\/a><\/span>\t\t\t\t\t\t\r\n\t\t\t\t\t\t<div class=\"post-header\">\r\n\t\t\t\t\t\t\t\t\r\n\t\t\t\t\t\t\t<h3 class=\"title\">\r\n\t\t\t\t\t\t\t\t \r\n\t\t\t\t\t\t\t\t\t<a href=\"http:\/\/facic-ce.com.br\/site\/8730-2\/\">\t\t\t\t\t\t\t\t\t\tFotos hist\u00f3ricas da FACIC I\t\t\t\t\t\t\t\t\t <\/a> \r\n\t\t\t\t\t\t\t\t\t\t\t\t\t\t\t<\/h3>\r\n\r\n\t\t\t\t\t\t\t \r\n\t\t\t\t\t\t\t\t<span class=\"meta-author\"><span>By<\/span> <a href=\"http:\/\/facic-ce.com.br\/site\/author\/karine\/\" title=\"Posts de FACIC\" rel=\"author\">FACIC<\/a><\/span> <span class=\"meta-category\">| <a href=\"http:\/\/facic-ce.com.br\/site\/category\/capa\/\">Capa<\/a>, <a href=\"http:\/\/facic-ce.com.br\/site\/category\/galeria-de-fotos\/\">Galeria de Fotos<\/a><\/span> <span class=\"meta-comment-count\">| <a href=\"http:\/\/facic-ce.com.br\/site\/8730-2\/#respond\">\r\n\t\t\t\t\t\t\t\tNo Comments<\/a><\/span>\r\n\t\t\t\t\t\t\t\t\t\t\t\t\t<\/div><!--\/post-header-->\r\n\t\t\t\t\t\r\n\t\t\t\t\t\r\n\t\t\t\t\t<\/div><!--article-content-wrap-->\r\n\r\n\t\t\t\t\t\t\t\t\r\n\t\t\t   \r\n\t\t\t\t\t\t\t\t\r\n\t\t\t\t\t\t\t\r\n\t\t\t<\/div><!--\/content-inner-->\r\n\r\n\t\t\t\t\t\t\r\n\t\t<\/div><!--\/post-content-->\r\n\r\n\t<\/div><!--\/inner-wrap-->\r\n\t\t\t\r\n<\/article><!--\/article-->\r\n\t\t\t\t\t\t\r\n\t\t\t<\/div><!--\/posts container-->\r\n\t\t\t\r\n\t\t\t\t\t\r\n  <\/div><!--\/post area-->\r\n  \r\n  \t\t\r\n\t\r\n\t<\/div>\r\n\t\r\n\t[\/vc_column][\/vc_row]\n","protected":false},"excerpt":{"rendered":"<p>[vc_row type=&#8221;full_width_background&#8221; full_screen_row_position=&#8221;middle&#8221; bg_color=&#8221;#e5e5e5&#8243; scene_position=&#8221;center&#8221; text_color=&#8221;dark&#8221; text_align=&#8221;left&#8221; top_padding=&#8221;2%&#8221; bottom_padding=&#8221;2%&#8221; translate_y=&#8221;30px&#8221; overlay_strength=&#8221;0.3&#8243; enable_shape_divider=&#8221;true&#8221; shape_divider_position=&#8221;bottom&#8221; shape_divider_height=&#8221;300&#8243; shape_type=&#8221;mountains&#8221;][vc_column column_padding=&#8221;no-extra-padding&#8221; column_padding_position=&#8221;all&#8221; background_color_opacity=&#8221;1&#8243; background_hover_color_opacity=&#8221;1&#8243; column_link_target=&#8221;_self&#8221; column_shadow=&#8221;none&#8221; column_border_radius=&#8221;none&#8221; width=&#8221;1\/1&#8243; tablet_width_inherit=&#8221;default&#8221; tablet_text_alignment=&#8221;default&#8221; phone_text_alignment=&#8221;default&#8221; column_border_width=&#8221;none&#8221; column_border_style=&#8221;solid&#8221;][vc_row_inner column_margin=&#8221;default&#8221; text_align=&#8221;left&#8221;][vc_column_inner&#8230;<\/p>\n","protected":false},"author":2,"featured_media":8341,"parent":0,"menu_order":0,"comment_status":"closed","ping_status":"closed","template":"","meta":[],"_links":{"self":[{"href":"http:\/\/facic-ce.com.br\/site\/wp-json\/wp\/v2\/pages\/7339"}],"collection":[{"href":"http:\/\/facic-ce.com.br\/site\/wp-json\/wp\/v2\/pages"}],"about":[{"href":"http:\/\/facic-ce.com.br\/site\/wp-json\/wp\/v2\/types\/page"}],"author":[{"embeddable":true,"href":"http:\/\/facic-ce.com.br\/site\/wp-json\/wp\/v2\/users\/2"}],"replies":[{"embeddable":true,"href":"http:\/\/facic-ce.com.br\/site\/wp-json\/wp\/v2\/comments?post=7339"}],"version-history":[{"count":41,"href":"http:\/\/facic-ce.com.br\/site\/wp-json\/wp\/v2\/pages\/7339\/revisions"}],"predecessor-version":[{"id":9304,"href":"http:\/\/facic-ce.com.br\/site\/wp-json\/wp\/v2\/pages\/7339\/revisions\/9304"}],"wp:featuredmedia":[{"embeddable":true,"href":"http:\/\/facic-ce.com.br\/site\/wp-json\/wp\/v2\/media\/8341"}],"wp:attachment":[{"href":"http:\/\/facic-ce.com.br\/site\/wp-json\/wp\/v2\/media?parent=7339"}],"curies":[{"name":"wp","href":"https:\/\/api.w.org\/{rel}","templated":true}]}}